units digit of (4 + x)*(-18)/(-24)?
3
Suppose 3*s - 75 = -2*s. Let g(t) = 2*t + 22. Let k be g(-11). What is the units digit of (-18)/s*(-5 + k)?
6
Let d be 16/(-8) + (47 - 1). What is the units digit of 2 - (-6 - -4 - d)?
8
Let w = 142 - 85. What is the tens digit of w?
5
Suppose 4*s = 9*s - 365. What is the units digit of s?
3
Let a(y) = -y**2 + 1. Let j(r) = r**3 - 5*r**2 - 2*r - 4. Let s(m) = -a(m) + j(m). What is the units digit of s(5)?
0
Let s = 4 - 1. Suppose 1 = 2*j - s. Suppose -7*a + j*a = -55. What is the tens digit of a?
1
What is the units digit of 2/13 + 204/26?
8
Suppose -1 = 4*s - 133. What is the units digit of s?
3
Let y = 36 + -28. Suppose -o + y = o. What is the units digit of o?
4
Let t = 4 - 3. Let k(z) = 19*z**3 - z**2. What is the units digit of k(t)?
8
Suppose -4*q = q - 15. Suppose -t - 4 = -q. What is the units digit of (t - 2)/(6/(-8))?
4
Suppose -r - 4 = 2*r - 2*f, -3*f - 3 = 0. Let z = r + 6. Suppose -z*p + 35 = 5*j, -12 = -j - 3*j. What is the units digit of p?
5
Let n = -1 - -11. Let w = 5 - n. Let m = 10 + w. What is the units digit of m?
5
Suppose 2*d - 2 - 8 = 0. Suppose 0*x - u - 6 = -x, 0 = d*x + 4*u - 30. What is the units digit of x?
6
Let y(n) = -2*n**2 - 7*n. Let d be y(-7). Let c = -30 - d. What is the units digit of c?
9
What is the tens digit of -346*((-1)/6)/((-2)/(-6))?
7
What is the tens digit of 77 + -2 + 1 + 5?
8
Let h(o) = 90*o**2 - 2*o. What is the units digit of h(1)?
8
Suppose 20 = 5*z, -3*h + 4*z + 20 = -h. Let r = -4 + h. What is the tens digit of r?
1
What is the hundreds digit of 1/((-36)/2292*2/(-6))?
1
Let y(r) = -r**3 + 4*r**2 + 2*r - 4. Let m be y(4). Suppose m*o = 59 - 23. What is the units digit of o?
9
Let i(t) = 5*t**3 + t - 1. Let g be i(1). Suppose -4*u + g*w + 2 = -52, 2*u + 3*w = 38. What is the tens digit of u?
1
Let z(c) = 3*c + 2. Let b be z(-2). Let k = -52 + 88. What is the tens digit of (b/(-6))/(2/k)?
1
Let c(p) = -p**2 + 4*p. Let j be c(3). Suppose -w - j*d = 6, 2*d + 1 + 7 = -2*w. Let y(g) = g**3 + 4*g**2 - 1. What is the units digit of y(w)?
8
Let k(z) = z**3 + 6*z**2 - 4*z + 6. Let n be k(-5). Suppose -2*a + n = 11. Suppose 0 = 2*h - 0*j + j - 20, 2*h - 5*j - a = 0. What is the tens digit of h?
1
Let w(a) = a**3 - 13*a**2 - a + 10. Let x be w(13). Let c(i) = 5*i**2 + i - 1. What is the tens digit of c(x)?
4
Let p be (-6)/(-1) + 2 + -5. Suppose p*x = -a + x + 6, -5*x = -5*a. Suppose w + 4*y = a, 4*y + 21 = 3*w + y. What is the units digit of w?
6
Suppose -4*u = 23 - 223. Suppose -10 = 5*p - u. What is the units digit of p?
8
Let j(y) = 2*y - 10. Let t = 17 + -8. What is the units digit of j(t)?
8
Suppose -9*o = -14*o + 585. What is the units digit of o?
7
Suppose -3*y + y + 50 = 0. Suppose -5*p = y - 105. Let g = p - 8. What is the units digit of g?
8
Suppose 0 = -10*o + o + 36. What is the units digit of o?
4
Let v = 22 - 16. Let r(o) = -o**3 + 7*o**2 - 5. Let q be r(v). Suppose -z + 5 = -5*x, -3*z - 4*x = -q - 3. What is the tens digit of z?
1
Let s(t) = -4*t + 10. What is the tens digit of s(-8)?
4
What is the units digit of ((-462)/70)/(1/(-5))?
3
Suppose -2*r + 2*d = -160, -50 - 350 = -5*r - 5*d. What is the tens digit of r?
8
Let x = 89 - 50. What is the tens digit of x?
3
Let z(u) = 16*u**2 - 1. Let t be z(-2). Let g = t - 45. What is the tens digit of g?
1
Let l(n) = n + 6. Let s be l(-8). Let v be 59/2 + 3/s. Suppose 4*r - 5*w = v, w = 5*w - 16. What is the units digit of r?
2
Let w = 113 - 61. What is the tens digit of w?
5
Suppose -4*f = -j + 5 - 82, 106 = 5*f + 2*j. What is the units digit of f?
0
Suppose -y = -0*y + 1. Let l be (28/(-35))/(2/(-5)). What is the units digit of l*2/(-4)*y?
1
Suppose 0 = 3*z + 2*s - 34, -5*s + 15 = -10. Suppose -z = n - 5*n. Suppose n*f - 105 = -3*f. What is the tens digit of f?
2
Suppose 6 = c - 2. Let r be 4 + 2/(-1) - 7. Let u = c + r. What is the units digit of u?
3
Suppose -5*y + 3*f + 101 = 30, 0 = f + 2. What is the tens digit of y?
1
Let o = -4 - -3. Let b be (o - -1)/3 + 0. Suppose 3 = -4*p - 3*v, 5*p - v - 20 = -b*v. What is the units digit of p?
3
Let g(r) = -r**3 + 6*r**2 + 9*r + 4. Let n be g(7). Suppose 2*l + n = 76. Let t = l - 21. What is the units digit of t?
8
Suppose 66 = 4*d + 10. Let y = d + 3. What is the tens digit of y?
1
What is the hundreds digit of (-2 - -3)/(11/2123)?
1
Suppose -5 + 13 = 4*d. Let c = 6 - d. What is the units digit of c?
4
Let w = 15 + -12. Let s = -8 - 1. What is the units digit of (0 + s/w)*-7?
1
Suppose -1 - 45 = -s. What is the tens digit of s?
4
Let m = 62 - -53. What is the hundreds digit of m?
1
Let i(y) = y**2 + 6*y + 2. Let j be i(-6). Suppose j*z = z - 18. What is the units digit of z/(-4) - (-1)/(-2)?
4
Let p(a) = -a + 19. What is the units digit of p(13)?
6
Let x = 26 - 43. Let n = x + -41. What is the units digit of (-2)/7 + n/(-7)?
8
Let d be (3 + 16)*(0 + 1). Let w = -10 + d. Let p = -4 + w. What is the units digit of p?
5
Let z = 1 - -1. Let d = 0 - -2. Suppose -d*a + 14 + z = 0. What is the units digit of a?
8
Let p = -65 + 93. What is the tens digit of p?
2
Suppose 5*l + 1464 = 9*l. What is the units digit of l?
6
Let o(s) = -s**3 - 13*s**2 - 13*s - 1. What is the tens digit of o(-12)?
1
What is the units digit of 9/12 + -1 - 129/(-4)?
2
Suppose 5*u = -4*t + 103, -2*t = -u - t + 17. What is the tens digit of u?
1
Let h(j) = -18 + 18 - j**2 + 2*j. Let c be h(2). Let t = c + 10. What is the tens digit of t?
1
Suppose 0 = -7*r + 12*r - 545. What is the units digit of r?
9
Let v = 9 - 4. Let l = 6 + -3. Suppose l*i - 1 = v. What is the units digit of i?
2
Let l be -2 + (1 - 6/3). Let h = l - -13. What is the units digit of h?
0
Let j(i) = -i**3 + 4*i**2 + 13*i - 6. Let w be j(6). Suppose 4*q - 24 - 28 = w. What is the tens digit of q?
1
Let o = 3 + -3. Suppose 0 = -4*i - 3*g - o*g + 42, 5*i - 55 = -5*g. Let x = i + 3. What is the tens digit of x?
1
Suppose w - 3*d = -d - 1, 5*w = 5*d + 20. What is the units digit of w?
9
Let h = 18 - 13. Suppose -105 = -5*m + h*j, -4*m + 26 = 5*j - 31. What is the units digit of m?
8
Suppose 2*b + 1 + 3 = 0. Let r(g) = -2*g**3 - 2*g**2 + g - 1. What is the units digit of r(b)?
5
Let d(q) = 6*q - 17. Let b be d(15). Suppose 2*l - b = -5*p, -4*l = 4*p + p - 81. What is the tens digit of p?
1
Suppose 61 = -2*m + 5*l - 36, 3*l = 9. Suppose 0 = 3*q - q + 56. Let d = q - m. What is the tens digit of d?
1
Suppose -3*t - a + 0 - 8 = 0, 0 = 2*t - a - 3. Let d(f) = -15*f**3 - f**2 + f + 1. What is the tens digit of d(t)?
1
Suppose -6*g + 58 = -3*g + 2*d, -70 = -3*g + d. Suppose 7 = -3*a + g. What is the units digit of a?
5
Let r(x) = 2*x**2 + 4*x - 6. What is the units digit of r(-6)?
2
Let a = 71 + -45. What is the units digit of a?
6
Let w(p) = -p**3 - p**2 + p - 1. Let d(l) = -2*l**3 - 7*l**2 + l + 6. Let h(a) = d(a) - w(a). What is the units digit of h(-6)?
7
What is the units digit of (4 - -8)/(((-18)/20)/(-3))?
0
Let g(j) be the third derivative of j**5/60 - j**4/3 + j**3 + j**2. Let b be g(7). What is the tens digit of b/(-1) + (-9)/(-1)?
1
Let w(n) = 2*n**2 + 8*n - 3. What is the tens digit of w(-6)?
2
Suppose 456 = 6*c - 306. What is the hundreds digit of c?
1
Let t(x) = x + 40. What is the tens digit of t(-7)?
3
Let y = -44 - -192. What is the tens digit of y?
4
Let s(u) = u**3 - 10*u**2 + 18*u - 5. What is the hundreds digit of s(10)?
1
Let k(h) = 37*h**2 + h. What is the units digit of k(-1)?
6
Let w(m) = m**3 - 5*m**2 - 6*m - 2. Let c be w(6). Let b be -3*(66/(-9) - c). Suppose 0 = -4*p + b. What is the units digit of p?
4
Let t(s) = s - 1. Let d be t(5). Suppose 0 = d*m - 29 - 15. What is the tens digit of m?
1
What is the tens digit of ((-27)/(-18))/(2/164)?
2
Let p = -1 - -6. Suppose -34 = p*j - 174. What is the tens digit of j?
2
Let g(s) = 16*s - 1. What is the tens digit of g(2)?
3
Let n(k) = -k + 3. Let u be n(3). Let r = 9 + -4. Suppose -r*s = -u*s - 30. What is the units digit of s?
6
Let f(x) = -8*x**3 - 1. Let a be f(-1). Suppose -3*q + a*q - 118 = 2*n, 140 = 5*q - n. What is the units digit of q?
7
Let n(f) = -4*f - 2. What is the tens digit of n(-6)?
2
Let u = 0 - -2. Suppose -r + 5*x - 2 = 20, -u*r - 5*x = 14. Let z = r + 18. What is the units digit of z?
6
Suppose 8*i = 1156 + 1188. What is the hundreds digit 